{"id":10,"date":"2024-01-14T18:18:22","date_gmt":"2024-01-14T17:18:22","guid":{"rendered":"https:\/\/www.tcunionmoedling.com\/?page_id=10"},"modified":"2026-03-13T12:24:14","modified_gmt":"2026-03-13T11:24:14","slug":"mitgliedschaft","status":"publish","type":"page","link":"https:\/\/www.tcunionmoedling.com\/?page_id=10","title":{"rendered":"Mitgliedschaft &amp; Buchungsregelung"},"content":{"rendered":"\n<h2 class=\"wp-block-heading\">Mitgliedschaft<\/h2>\n\n\n\n<p>Wir freuen uns \u00fcber alle die zu uns kommen wollen. Bei Interesse bitte einfach unter <a href=\"mailto:tcunionmoedling@gmail.com\">tcunionmoedling@gmail.com<\/a> melden oder +4369911003211 anrufen. Oder gleich die unten zum Download verf\u00fcgbare Beitritts- und Einwilligungserkl\u00e4rung ausgef\u00fcllt an <a href=\"mailto:tcunionmoedling@gmail.com\">tcunionmoedling@gmail.com<\/a> senden. <\/p>\n\n\n\n<figure class=\"wp-block-table aligncenter\"><table><tbody><tr><td><strong>Mitgliedsbeitr\u00e4ge f\u00fcr das Jahr 2026<\/strong><\/td><td><\/td><\/tr><tr><td>Erwachsene<\/td><td>\u20ac 450<\/td><\/tr><tr><td>Partner &#8211; Ehepartner oder Lebensgemeinschaft<\/td><td>\u20ac 265<\/td><\/tr><tr><td>Neumitglied nur im 1. Jahr bzw.<br>nach 2 Jahren ohne Mitgliedschaft <\/td><td>\u20ac 320<\/td><\/tr><tr><td>begrenzt Spielzeit Montag bis Freitag 8 &#8211; 16 Uhr<\/td><td>\u20ac 220<\/td><\/tr><tr><td>Familie mit 2 Erwachsenen u. Kinder bis 19 Jahre<\/td><td>\u20ac 550<\/td><\/tr><tr><td>Jugend 20 bis 35 Jahre<\/td><td>\u20ac 275*<\/td><\/tr><tr><td>Jugend 16 bis 19 Jahre<\/td><td>\u20ac 175*<\/td><\/tr><tr><td>Jugend 12 bis 15 Jahre<\/td><td>\u20ac 130*<\/td><\/tr><tr><td>Kinder 6 bis 11 Jahre<\/td><td>\u20ac 110*<\/td><\/tr><tr><td>Kinder bis 6 Jahre<\/td><td>frei<\/td><\/tr><tr><td>F\u00f6rderndes Mitglied ohne Spielberechtigung<\/td><td>\u20ac 90<\/td><\/tr><\/tbody><\/table><\/figure>\n\n\n\n<p class=\"has-small-font-size\"><strong>Hinweis:<\/strong><\/p>\n\n\n\n<p style=\"font-size:15px\">Die Mitgliedsbeitr\u00e4ge bitte an die &#8222;Raiffeisen Regionalbank M\u00f6dling&#8220; mit dem IBAN AT17 3225 0000 0160 5914 \u00fcberweisen <\/p>\n\n\n\n<p style=\"font-size:15px\">*) Falls ein Familienmitglied den vollen Mitgliedsbeitrag zahlt, wird hier 50% Nachlass gew\u00e4hrt<\/p>\n\n\n\n<p style=\"font-size:15px\">Der Beitrag f\u00fcr die Teilnahme an der Meisterschaftssaison betr\u00e4gt f\u00fcr Erwachsene \u20ac 20<\/p>\n\n\n\n<p style=\"font-size:15px\">Die Geb\u00fchr f\u00fcr die Benutzung der Flutlichtanlage pro Stunde und Platz betr\u00e4gt \u20ac 5<\/p>\n\n\n\n<p style=\"font-size:15px\">Die K\u00fcndigung der Mitgliedschaft kann laut Vereinsstatuten nur jeweils zum Jahresende schriftlich an den Vorstand erfolgen.<\/p>\n\n\n\n<div class=\"wp-block-file\">Beitrittserkl\u00e4rung 2026  <a href=\"https:\/\/www.tcunionmoedling.com\/wp-content\/uploads\/2026\/03\/Beitrittserklaerung-2026.pdf\" class=\"wp-block-file__button wp-element-button\" download aria-describedby=\"wp-block-file--media-8286843e-aa1f-488f-9fa7-f185885b677b\">Herunterladen<\/a><\/div>\n\n\n\n<div class=\"wp-block-file\">Einwilligungserkl\u00e4rung zur Datenverarbeitung  <a href=\"https:\/\/www.tcunionmoedling.com\/wp-content\/uploads\/2024\/01\/Einwilligungserklaerung-zur-Datenverarbeitung.pdf\" class=\"wp-block-file__button wp-element-button\" download aria-describedby=\"wp-block-file--media-5c00df4a-109c-459f-9f9a-15987d8b9de0\">Herunterladen<\/a><\/div>\n\n\n\n<p><\/p>\n\n\n\n<h2 class=\"wp-block-heading\">Buchungsregelung f\u00fcr Gast- und Fremd-Spieler<\/h2>\n\n\n\n<h3 class=\"wp-block-heading\">F\u00fcr G\u00e4ste die mit einem Mitglied spielen<\/h3>\n\n\n\n<ul class=\"wp-block-list\">\n<li>Jeder Gastspieler muss sich beim 1. Mal <strong>vor dem Spiel<\/strong> im Onlinebuchungssystem <em>&#8222;TENNIS 04 &#8222;<\/em> als&nbsp; <strong>Gastspieler<\/strong> registrieren. &#8222;Tennis 04&#8220; ist auf unserer Homepage www.tcunionmoedling.com abrufbar.&nbsp;<\/li>\n\n\n\n<li>Ein Gastspieler kann maximal 5x 1 Stunde pro Saison nur mit einem Mitglied auf <strong>allen freien Pl\u00e4tzen<\/strong> zu den allgemeinen \u00d6ffnungszeiten buchen.<\/li>\n\n\n\n<li>Die Platzgeb\u00fchr betr\u00e4gt f\u00fcr einen Gastspieler \u20ac 10,- pro Stunde.<\/li>\n\n\n\n<li>F\u00fcr die Bezahlung und die Eintragung in die G\u00e4steliste ( im Clubhaus, Eingang rechts ) ist das Mitglied, mit dem der Gast gespielt hat, verantwortlich.<\/li>\n<\/ul>\n\n\n\n<h3 class=\"wp-block-heading\">F\u00fcr Fremdspieler<\/h3>\n\n\n\n<ul class=\"wp-block-list\">\n<li>Jeder Fremdspieler muss sich beim 1. Mal <strong>vor dem Spiel<\/strong> im Onlinebuchungssystem <em>&#8222;TENNIS 04 &#8222;<\/em> als&nbsp; <strong>Fremdspieler<\/strong> registrieren. &#8222;Tennis 04&#8220; ist auf unserer Homepage www.tcunionmoedling.com abrufbar.&nbsp;<\/li>\n\n\n\n<li>F\u00fcr Fremdspieler ist ausschlie\u00dflich <strong>Platz 7<\/strong> von Montag bis Freitag 8.00 \u2013 17.00 buchbar<\/li>\n\n\n\n<li>Die Platzgeb\u00fchr betr\u00e4gt \u20ac 20,- \/ Stunde.<\/li>\n\n\n\n<li>Auch Fremdspieler m\u00fcssen sich in die G\u00e4steliste eintragen ( Clubhaus, Eingang rechts ) <\/li>\n<\/ul>\n\n\n\n<h3 class=\"wp-block-heading\">Bezahlung der Platzgeb\u00fchr f\u00fcr Gast- und Fremd-Spieler<\/h3>\n\n\n\n<ul class=\"wp-block-list\">\n<li>Im Clubhaus gleich nach dem Eingang rechts befindet sich ein wei\u00dfer Briefkasten.<\/li>\n\n\n\n<li>Bitte den Betrag in ein daneben liegendes Kuvert geben, mit Namen und Datum versehen und einwerfen.<\/li>\n<\/ul>\n","protected":false},"excerpt":{"rendered":"<p>Mitgliedschaft Wir freuen uns \u00fcber alle die zu uns kommen wollen. Bei Interesse bitte einfach unter tcunionmoedling@gmail.com melden oder +4369911003211 anrufen. Oder gleich die unten zum Download verf\u00fcgbare Beitritts- und Einwilligungserkl\u00e4rung ausgef\u00fcllt an tcunionmoedling@gmail.com senden. Mitgliedsbeitr\u00e4ge f\u00fcr das Jahr 2026 Erwachsene \u20ac 450 Partner &#8211; Ehepartner oder Lebensgemeinschaft \u20ac 265 Neumitglied nur im 1. Jahr [&hellip;]<\/p>\n","protected":false},"author":1,"featured_media":0,"parent":0,"menu_order":0,"comment_status":"closed","ping_status":"closed","template":"","meta":{"ocean_post_layout":"","ocean_both_sidebars_style":"","ocean_both_sidebars_content_width":0,"ocean_both_sidebars_sidebars_width":0,"ocean_sidebar":"","ocean_second_sidebar":"","ocean_disable_margins":"enable","ocean_add_body_class":"","ocean_shortcode_before_top_bar":"","ocean_shortcode_after_top_bar":"","ocean_shortcode_before_header":"","ocean_shortcode_after_header":"","ocean_has_shortcode":"","ocean_shortcode_after_title":"","ocean_shortcode_before_footer_widgets":"","ocean_shortcode_after_footer_widgets":"","ocean_shortcode_before_footer_bottom":"","ocean_shortcode_after_footer_bottom":"","ocean_display_top_bar":"default","ocean_display_header":"default","ocean_header_style":"","ocean_center_header_left_menu":"","ocean_custom_header_template":"","ocean_custom_logo":0,"ocean_custom_retina_logo":0,"ocean_custom_logo_max_width":0,"ocean_custom_logo_tablet_max_width":0,"ocean_custom_logo_mobile_max_width":0,"ocean_custom_logo_max_height":0,"ocean_custom_logo_tablet_max_height":0,"ocean_custom_logo_mobile_max_height":0,"ocean_header_custom_menu":"","ocean_menu_typo_font_family":"","ocean_menu_typo_font_subset":"","ocean_menu_typo_font_size":0,"ocean_menu_typo_font_size_tablet":0,"ocean_menu_typo_font_size_mobile":0,"ocean_menu_typo_font_size_unit":"px","ocean_menu_typo_font_weight":"","ocean_menu_typo_font_weight_tablet":"","ocean_menu_typo_font_weight_mobile":"","ocean_menu_typo_transform":"","ocean_menu_typo_transform_tablet":"","ocean_menu_typo_transform_mobile":"","ocean_menu_typo_line_height":0,"ocean_menu_typo_line_height_tablet":0,"ocean_menu_typo_line_height_mobile":0,"ocean_menu_typo_line_height_unit":"","ocean_menu_typo_spacing":0,"ocean_menu_typo_spacing_tablet":0,"ocean_menu_typo_spacing_mobile":0,"ocean_menu_typo_spacing_unit":"","ocean_menu_link_color":"","ocean_menu_link_color_hover":"","ocean_menu_link_color_active":"","ocean_menu_link_background":"","ocean_menu_link_hover_background":"","ocean_menu_link_active_background":"","ocean_menu_social_links_bg":"","ocean_menu_social_hover_links_bg":"","ocean_menu_social_links_color":"","ocean_menu_social_hover_links_color":"","ocean_disable_title":"default","ocean_disable_heading":"default","ocean_post_title":"","ocean_post_subheading":"","ocean_post_title_style":"","ocean_post_title_background_color":"","ocean_post_title_background":0,"ocean_post_title_bg_image_position":"","ocean_post_title_bg_image_attachment":"","ocean_post_title_bg_image_repeat":"","ocean_post_title_bg_image_size":"","ocean_post_title_height":0,"ocean_post_title_bg_overlay":0.5,"ocean_post_title_bg_overlay_color":"","ocean_disable_breadcrumbs":"default","ocean_breadcrumbs_color":"","ocean_breadcrumbs_separator_color":"","ocean_breadcrumbs_links_color":"","ocean_breadcrumbs_links_hover_color":"","ocean_display_footer_widgets":"default","ocean_display_footer_bottom":"default","ocean_custom_footer_template":"","footnotes":""},"class_list":["post-10","page","type-page","status-publish","hentry","entry"],"_links":{"self":[{"href":"https:\/\/www.tcunionmoedling.com\/index.php?rest_route=\/wp\/v2\/pages\/10","targetHints":{"allow":["GET"]}}],"collection":[{"href":"https:\/\/www.tcunionmoedling.com\/index.php?rest_route=\/wp\/v2\/pages"}],"about":[{"href":"https:\/\/www.tcunionmoedling.com\/index.php?rest_route=\/wp\/v2\/types\/page"}],"author":[{"embeddable":true,"href":"https:\/\/www.tcunionmoedling.com\/index.php?rest_route=\/wp\/v2\/users\/1"}],"replies":[{"embeddable":true,"href":"https:\/\/www.tcunionmoedling.com\/index.php?rest_route=%2Fwp%2Fv2%2Fcomments&post=10"}],"version-history":[{"count":36,"href":"https:\/\/www.tcunionmoedling.com\/index.php?rest_route=\/wp\/v2\/pages\/10\/revisions"}],"predecessor-version":[{"id":1210,"href":"https:\/\/www.tcunionmoedling.com\/index.php?rest_route=\/wp\/v2\/pages\/10\/revisions\/1210"}],"wp:attachment":[{"href":"https:\/\/www.tcunionmoedling.com\/index.php?rest_route=%2Fwp%2Fv2%2Fmedia&parent=10"}],"curies":[{"name":"wp","href":"https:\/\/api.w.org\/{rel}","templated":true}]}}